{"id":2862,"date":"2024-12-18T11:40:11","date_gmt":"2024-12-18T11:40:11","guid":{"rendered":"https:\/\/methni-prosound.com\/?post_type=product&#038;p=2862"},"modified":"2026-01-11T00:12:14","modified_gmt":"2026-01-11T00:12:14","slug":"tar-professionnel-diametre-22cm-bois-noble-hand-made","status":"publish","type":"product","link":"https:\/\/methni-prosound.com\/index.php\/product\/tar-professionnel-diametre-22cm-bois-noble-hand-made\/","title":{"rendered":"Tar professionnel diam\u00e8tre 22cm, bois noble Hand Made"},"content":{"rendered":"<p>D\u00e9couvrez l&#8217;\u00e9l\u00e9gance et la qualit\u00e9 exceptionnelle de notre Tar professionnel, un instrument de percussion artisanal de 22 cm de diam\u00e8tre, fabriqu\u00e9 \u00e0 la main avec des mat\u00e9riaux de haute qualit\u00e9.<\/p>\n","protected":false},"excerpt":{"rendered":"<p>D\u00e9couvrez l&#8217;\u00e9l\u00e9gance et la qualit\u00e9 exceptionnelle de notre Tar professionnel, un instrument de percussion artisanal de 22 cm de diam\u00e8tre, fabriqu\u00e9 \u00e0 la main avec des mat\u00e9riaux de haute qualit\u00e9.<\/p>\n","protected":false},"featured_media":2863,"comment_status":"open","ping_status":"closed","template":"","meta":{"_acf_changed":false},"product_brand":[],"product_cat":[35],"product_tag":[],"class_list":{"0":"post-2862","1":"product","2":"type-product","3":"status-publish","4":"has-post-thumbnail","6":"product_cat-tar","8":"first","9":"instock","10":"shipping-taxable","11":"product-type-simple"},"acf":[],"aioseo_notices":[],"_links":{"self":[{"href":"https:\/\/methni-prosound.com\/index.php\/wp-json\/wp\/v2\/product\/2862","targetHints":{"allow":["GET"]}}],"collection":[{"href":"https:\/\/methni-prosound.com\/index.php\/wp-json\/wp\/v2\/product"}],"about":[{"href":"https:\/\/methni-prosound.com\/index.php\/wp-json\/wp\/v2\/types\/product"}],"replies":[{"embeddable":true,"href":"https:\/\/methni-prosound.com\/index.php\/wp-json\/wp\/v2\/comments?post=2862"}],"wp:featuredmedia":[{"embeddable":true,"href":"https:\/\/methni-prosound.com\/index.php\/wp-json\/wp\/v2\/media\/2863"}],"wp:attachment":[{"href":"https:\/\/methni-prosound.com\/index.php\/wp-json\/wp\/v2\/media?parent=2862"}],"wp:term":[{"taxonomy":"product_brand","embeddable":true,"href":"https:\/\/methni-prosound.com\/index.php\/wp-json\/wp\/v2\/product_brand?post=2862"},{"taxonomy":"product_cat","embeddable":true,"href":"https:\/\/methni-prosound.com\/index.php\/wp-json\/wp\/v2\/product_cat?post=2862"},{"taxonomy":"product_tag","embeddable":true,"href":"https:\/\/methni-prosound.com\/index.php\/wp-json\/wp\/v2\/product_tag?post=2862"}],"curies":[{"name":"wp","href":"https:\/\/api.w.org\/{rel}","templated":true}]}}