{"id":3100,"date":"2026-01-11T21:01:08","date_gmt":"2026-01-11T21:01:08","guid":{"rendered":"https:\/\/methni-prosound.com\/?post_type=product&#038;p=3100"},"modified":"2026-01-11T21:03:28","modified_gmt":"2026-01-11T21:03:28","slug":"pupitre-de-conference-en-plexiglas-modele-soft","status":"publish","type":"product","link":"https:\/\/methni-prosound.com\/index.php\/product\/pupitre-de-conference-en-plexiglas-modele-soft\/","title":{"rendered":"Pupitre de conf\u00e9rence en plexiglas (mod\u00e8le soft)"},"content":{"rendered":"","protected":false},"excerpt":{"rendered":"<p>Le\u00a0<strong>pupitre plexiglas<\/strong>\u00a0Soft se distingue par ses lignes douces, offrant une esth\u00e9tique agr\u00e9able et professionnelle. La transparence du plexiglas donne un aspect minimaliste et \u00e9pur\u00e9, s&#8217;int\u00e9grant facilement dans divers environnements.<\/p>\n","protected":false},"featured_media":3101,"comment_status":"open","ping_status":"closed","template":"","meta":{"_acf_changed":false},"product_brand":[],"product_cat":[81],"product_tag":[],"class_list":{"0":"post-3100","1":"product","2":"type-product","3":"status-publish","4":"has-post-thumbnail","6":"product_cat-pupitres-de-conference","8":"first","9":"instock","10":"shipping-taxable","11":"product-type-simple"},"acf":[],"aioseo_notices":[],"_links":{"self":[{"href":"https:\/\/methni-prosound.com\/index.php\/wp-json\/wp\/v2\/product\/3100","targetHints":{"allow":["GET"]}}],"collection":[{"href":"https:\/\/methni-prosound.com\/index.php\/wp-json\/wp\/v2\/product"}],"about":[{"href":"https:\/\/methni-prosound.com\/index.php\/wp-json\/wp\/v2\/types\/product"}],"replies":[{"embeddable":true,"href":"https:\/\/methni-prosound.com\/index.php\/wp-json\/wp\/v2\/comments?post=3100"}],"wp:featuredmedia":[{"embeddable":true,"href":"https:\/\/methni-prosound.com\/index.php\/wp-json\/wp\/v2\/media\/3101"}],"wp:attachment":[{"href":"https:\/\/methni-prosound.com\/index.php\/wp-json\/wp\/v2\/media?parent=3100"}],"wp:term":[{"taxonomy":"product_brand","embeddable":true,"href":"https:\/\/methni-prosound.com\/index.php\/wp-json\/wp\/v2\/product_brand?post=3100"},{"taxonomy":"product_cat","embeddable":true,"href":"https:\/\/methni-prosound.com\/index.php\/wp-json\/wp\/v2\/product_cat?post=3100"},{"taxonomy":"product_tag","embeddable":true,"href":"https:\/\/methni-prosound.com\/index.php\/wp-json\/wp\/v2\/product_tag?post=3100"}],"curies":[{"name":"wp","href":"https:\/\/api.w.org\/{rel}","templated":true}]}}